hat is the tens digit of m?
5
Let b = 5 + -8. Let m = 6 - -3. Let j = m + b. What is the units digit of j?
6
Let y = -177 - -285. What is the hundreds digit of y?
1
Let t(f) = f**2 - 9*f - 14. Let s be t(10). Let p(j) = -j**3 - 4*j**2 + 2. What is the units digit of p(s)?
2
Let i(l) = 3*l - 11. Let g be i(8). Let h = 28 - g. What is the units digit of h?
5
Let a(i) = -3*i + 3. Let c be a(3). Let g(z) be the third derivative of -z**4/24 + 2*z**3/3 + 4*z**2. What is the units digit of g(c)?
0
Let z(s) be the first derivative of s**3/3 - 3*s**2/2 + 3*s - 2. What is the tens digit of z(5)?
1
Let r = 3 + -4. Let o(p) = p**2 - p - 1. Let h be o(r). What is the units digit of h*(-1 - -6) - -1?
6
Suppose -3*d + 4 = -26. What is the tens digit of d?
1
Suppose -2*y + 5*o - 4 = -y, -3*y = -4*o + 12. Let x(s) = -s**2 - 7*s - 6. What is the units digit of x(y)?
6
Let t be 6/21 + (-1520)/28. Let p = -33 - t. What is the tens digit of p?
2
Suppose 3*c + 2 = -7. Let d(o) = -5*o**2 + 0*o - 5*o + o**2 - o**3 - 2. What is the units digit of d(c)?
4
Let l(j) = 17*j + 4. What is the hundreds digit of l(9)?
1
Let g(z) = z**3 + 5*z**2 + 5. Let i be -2*(0 - -1)/(-1). Suppose 0 = -2*m - i*h + 2 - 8, h - 7 = m. What is the units digit of g(m)?
5
What is the units digit of 3 + 1 + (-5 - -4)?
3
Let c be (1 + -3)*6/4. What is the units digit of (-306)/(-12)*(-2)/c?
7
Let t = 4 - -297. What is the units digit of t?
1
Suppose h = 5*k + 45, 0*h = -h - k + 39. What is the units digit of (6/4)/(6/h)?
0
Let s = 0 - -5. Let t(h) = h**3 - 5*h**2 + 5. Let b be t(s). Suppose -b*k = -58 + 3. What is the tens digit of k?
1
Let i(j) = 6*j**3 - 10*j**2 + 3*j - 2. What is the tens digit of i(3)?
7
Suppose -5*i + 3*o - 3 = -2*i, -5 = -o. Suppose i*c - 5*y = 97, -y + 106 = 4*c - 3*y. What is the tens digit of c?
2
Suppose 3*m + 4*f + 5 = 22, 63 = 5*m - 2*f. What is the tens digit of m?
1
Let j(p) = p**3 + 7*p**2 + 6*p. Let d be j(-6). Suppose a - 15 = -d. What is the tens digit of a?
1
Suppose -k + 26 - 2 = 5*x, -x + 16 = 3*k. What is the units digit of k?
4
Let k(j) = 4*j + 7. Let c(s) = -5*s - 8. Let a(w) = 2*c(w) + 3*k(w). What is the tens digit of a(13)?
3
Suppose 0*g = 2*g, -3*d + 543 = 3*g. What is the hundreds digit of d?
1
Let p be 1/((6/16)/3). Let d = p - 18. Let c = d - -21. What is the units digit of c?
1
Let t(d) = d**3 + 10*d**2 - 4*d + 10. What is the tens digit of t(-5)?
5
Suppose -542 = -2*h + 4*h. What is the units digit of (-24)/(-84) + h/(-7)?
9
Let q(x) = -3*x - 5. What is the units digit of q(-7)?
6
Suppose -53 = -11*a + 827. What is the tens digit of a?
8
Suppose 4*m + 0 = -8. What is the units digit of 2 + 2 - (-3 - m)?
5
What is the units digit of (12/(-8) - -2)/((-6)/(-936))?
8
Let h(d) = d - 2. Let c be h(2). Suppose -o = c, 4*o + 71 = 5*r - 14. Let f = r - 12. What is the units digit of f?
5
Suppose -k = -0*k - c + 18, 0 = -c - 1. Let h = 33 + k. What is the tens digit of h?
1
Let i(d) = 29*d**2 + 2*d - 2. What is the tens digit of i(1)?
2
Suppose z = 4*z + 5*w - 15, -2*z + 15 = 5*w. Let f be 2*(-1 - z)*1. Let m = f + 12. What is the tens digit of m?
1
Let z = -99 - -207. What is the hundreds digit of z?
1
Let b(v) = v**2 - 6*v + 18. What is the units digit of b(9)?
5
Suppose 18 = -3*v + 4*v + k, -k = 3*v - 54. What is the tens digit of v?
1
Let k be (7/(-21))/(1/21). Let c = k + 14. What is the units digit of c?
7
Let p = -178 + 339. What is the units digit of p?
1
Suppose -w + 6*w = -50. Let x be (0 + w)/((-8)/36). Suppose 4*o - x = -o. What is the units digit of o?
9
Let n(f) = f + 17. Let j(r) = r + 16. Let q(b) = 5*j(b) - 4*n(b). What is the units digit of q(0)?
2
Let i(y) = 2*y + 3*y**2 + 55*y**3 - 21*y**3 - 1 - 4*y**2. What is the tens digit of i(1)?
3
Let m be (13/(-26))/((-2)/72). Suppose 5*c + m = 148. What is the tens digit of c?
2
What is the tens digit of (2*(-3)/(-2))/((-4)/(-168))?
2
Suppose 67 = 10*z - 9*z. What is the units digit of z?
7
Suppose 5*f - 3*f = -4. Let s be 2/(-2) + (f - -21). Suppose -2*z = -4*z + s. What is the units digit of z?
9
Suppose -4*f = 4 + 44. Let l = f - -20. Suppose -3*z - 10 = -l*z. What is the units digit of z?
2
Let o = 83 + -81. What is the units digit of o?
2
Suppose 3*y + 6 = -5*x, 2*y + 4*x = -5 - 1. Suppose -y*a - 3*d = -d - 4, -a + d = -8. What is the units digit of a?
4
Let b(j) = -j**3 - 2*j**2 + 3*j + 3. Let o be b(-3). Suppose -g = o*g - 16. What is the units digit of g?
4
Let z be 4/(-10) - (-304)/10. Let t = -21 + z. What is the units digit of -2 + -3*(-12)/t?
2
Suppose -24*g = -23*g - 71. What is the units digit of g?
1
Suppose -5*w - 217 + 37 = 0. Let r = -21 - w. Suppose 5*o - r - 30 = 0. What is the units digit of o?
9
Suppose 2*w - 6*j = -j + 41, -5*w = 4*j - 119. What is the units digit of w?
3
Let l = 72 + 27. What is the tens digit of l?
9
Suppose 4*w + 301 = 841. Suppose -w = -3*p - 2*p. What is the tens digit of p?
2
Suppose -5*l = -14 - 1. What is the units digit of l?
3
Let f(a) = 4*a**2. Let t be f(-1). Let b be (-331)/(-7) + t/(-14). Suppose -g - b = -2*q - 3*q, -20 = -2*q + g. What is the units digit of q?
9
Let l(i) be the second derivative of -1/2*i**2 - 7/6*i**3 + 0 - 4*i. What is the units digit of l(-1)?
6
Let a = -39 - -62. Suppose 0*i - i + a = 0. What is the tens digit of i?
2
Let a be 4 - (1 - 0/4). Suppose -36 = -a*f + 120. What is the units digit of f?
2
Let j(z) = z - 12. Let b be j(13). Suppose 0 = -2*q - b + 17. What is the units digit of q?
8
Let g = 9 + -6. Suppose -g*b = -0*l + 3*l - 27, 0 = -l + 3. Let o = b + 0. What is the units digit of o?
6
Let x(w) = w**3 - 4*w**2 + 5*w + 4. Suppose m - 2*m = -4. Let k be x(m). What is the units digit of (k/10)/(3/10)?
8
Suppose 72 + 122 = 4*o - 2*x, -3*x = 4*o - 179. What is the units digit of o?
7
Let h(x) = 2*x - 3. Let w be h(6). Suppose -w*u + 117 = -6*u. What is the units digit of u?
9
Let f = -8 - -15. What is the units digit of f?
7
Suppose 3*y = 4*r - 12, -3*y - 5*r = -4*y - 15. Suppose y*l = 5*l - 25. What is the units digit of l?
5
Let h = 12 - -12. What is the tens digit of h?
2
Let y be (1 - 4) + (0 - 0). Let g = 7 + y. What is the units digit of (5/(-3))/(g/(-12))?
5
Suppose -2 - 8 = -5*h. Suppose h*d = -d + 6. What is the units digit of d?
2
Let w(p) = -13*p - 2. Let j be w(-2). Suppose 3*a - 5*s - j = 0, a = -4*s + 3 + 5. Let x = 16 - a. What is the units digit of x?
8
Let y = 44 - 28. What is the units digit of y?
6
Let y be 0 + 0*(-3)/(-12). Suppose -z + 2*d + 54 = 0, y*z - 5*d + 63 = 2*z. What is the tens digit of z?
4
Suppose -7 + 136 = -3*t. Let l = -18 - t. What is the tens digit of l?
2
Let j = 60 + -54. Suppose -h = h - 22. Suppose h = j*d - 3*d - i, 10 = 2*d + 2*i. What is the units digit of d?
4
Let j be (21 - 4) + (-1)/(-1). Suppose -5*u - q + 43 = 0, 4 = 2*u + 2*q - j. What is the units digit of u?
8
Suppose -m - 62 = -3*m. What is the tens digit of m?
3
Suppose 3*d = 3*w - 8 + 2, 4*d - 4 = w. Let g be 2/(72/(-33) + d). Let c = 20 + g. What is the units digit of c?
9
What is the tens digit of 13 - -1 - (-4 - -2)?
1
Let k be ((-6)/(-5))/((-12)/(-30)). Suppose -2 = 2*r + 5*i, 3*r - k + 1 = -5*i. Suppose 0 = 2*q - r*h - 9 - 3, -4*q + 24 = -2*h. What is the units digit of q?
6
Suppose -4*d = -5*l - 126 + 23, -5*l = -d + 22. What is the tens digit of d?
2
Let g(z) = -z**2 - 25*z - 26. What is the hundreds digit of g(-10)?
1
Let h = 16 + -9. Let o = h + 2. What is the units digit of o?
9
Suppose 0 = -2*v + 6*v - 12. Suppose 3*f - 5*c - 49 = 0, -f - v*c + 59 = 4*f. What is the units digit of f?
3
Suppose 360 = -5*r - 4*j, 3*r - j = -85 - 131. Let t = r - -102. What is the units digit of t?
0
Suppose 732 = 5*h - 13. What is the hundreds digit of h?
1
Let c = 314 - 224. Suppose 0*x - r = -3*x + 46, 5*x - c = 5*r. What is the tens digit of x?
1
What is the units digit of 4/(-6) + (-1250)/(-30)?
1
Let n(i) = -i**3 + 4*i**2 - 3*i + 3. Let o be n(3). Suppose o*j + 2*j = 40. What is the units digit of j?
8
Let p = -22 + 29. What is the units digit of p?
7
Let q = 2 + 3. Suppose 0*y + 2*y = -4*z + 48, -4*y - q*z + 96 = 0. What is the units digit of y?
4
Let w(o) = o**2 + 8*o - 8. Let b be (-122)/14 + (-14)/49. What is the units digit of w(b)?
1
Let y(f) = -f**3 - 4*f**2 - 4*f. What is the units digit of y(-3)?
3
Le